{"id":2,"date":"2013-06-05T09:23:47","date_gmt":"2013-06-05T09:23:47","guid":{"rendered":"http:\/\/mara.bernds.biz\/?page_id=2"},"modified":"2013-08-18T16:47:35","modified_gmt":"2013-08-18T14:47:35","slug":"beispiel-seite","status":"publish","type":"page","link":"https:\/\/s\u00e4ngerinmara.de\/?page_id=2","title":{"rendered":"Mara"},"content":{"rendered":"<div class=\"uberschrift_2\">Meine Vita&#8230;<\/div>\n<p><img loading=\"lazy\" class=\"alignleft size-medium wp-image-88\" alt=\"Mara\" src=\"http:\/\/mara.bernds.biz\/wp-content\/uploads\/2013\/06\/mara-199x300.png\" width=\"199\" height=\"300\" srcset=\"https:\/\/s\u00e4ngerinmara.de\/wp-content\/uploads\/2013\/06\/mara-199x300.png 199w, https:\/\/s\u00e4ngerinmara.de\/wp-content\/uploads\/2013\/06\/mara.png 533w\" sizes=\"(max-width: 199px) 100vw, 199px\" \/>Die geb\u00fcrtige Dortmunderin Mara, zeigte schon von klein auf Interesse an der Musik und begann ihre musikalische Laufbahn in einem Kinderchor. Die erste B\u00fchnenerfahrung wurde im Alter von 9 Jahren, bei einem Gesangswettbewerb, auf Spiekeroog gesammelt, wo sie mit dem Lied &#8222;Like A Prayer&#8220; von Madonna teilnahm und den zweiten Platz belegte. Im sp\u00e4teren Verlauf Ihrer schulischen Laufbahn, machte sie es sich, auf den Platz der Leads\u00e4ngerin, in der Schulband bequem. Nach der Schule, im Alter von 20 Jahren, folgten zwei TV Auftritte; bei Sat 1 Morning Star und einer Castingshow auf Prosieben. Bei einem offenen Casting konnte sie sich als S\u00e4ngerin f\u00fcr \u201eLenny\u00b4s Partyband\u201c qualifizieren. Mit dieser Formation ging es ca. 1 1\/2 Jahre auf Tour. Nach dieser sch\u00f6nen Zeit begann die Zusammenarbeit mit DoTownRec, die bis heute noch besteht. Hier konnten u.a. eigene Produktionen verwirklicht werden. Ihre t\u00e4gliche Arbeit als Studios\u00e4ngerin umfasst aber auch , ihre Stimme f\u00fcr anderweitige Produktionen, wie z.B. f\u00fcr den bekannten Schlagerstar Maiko, die Ex-Big Brother Mitbewohnerin Jana Wagenhuber, Johanna (DSDS Teilnehmerin) Leon Di uvm. zur Verf\u00fcgung zu stellen. Und auch f\u00fcr viele szenekundigen Disc Jockeys im Trancebereich, wird ihre Stimme immer wieder gern eingesetzt. W\u00e4hrend der ganzen Jahre bei DoTownRec., konnten einige Erfahrungen in Bereich Studioproduktion und Auftritte gewonnen werden. Es folgten zahlreiche Auftritte auf Gigs, Hochzeiten, Benefizveranstaltungen und vielen anderen Formen von Veranstaltungen. Zwischenzeitlich nahm Mara das Projekt \u201eMaNa\u201c mit einer Duett-Partnerin in Angriff. Zu Beginn wurde ein Deb\u00fct Album ver\u00f6ffentlicht und daraufhin wurden \u00fcber ein Jahr lang, zu zweit, so manche B\u00fchne bestiegen. Zum kr\u00f6nenden Abschluss folgte eine EP. In dieser ganzen Zeit, konnte eine richtige kleine Fanszene aufgebaut werden. Seit 2012 bestreitet Mara ihren Weg nun auch nicht mehr nur als Solok\u00fcnstlerin, sondern arbeitet mit der Band Raubkopie zusammen.<\/p>\n<div class=\"uberschrift_2\">Meine Fans&#8230;<\/div>\n<p>An dieser Stelle m\u00f6chte ich noch ein Wort \u00fcber meine wunderbaren Fans verlieren, die ich in all den Jahren gewonnen habe und auch liebgewonnen habe. Meines Fans unterst\u00fctzen mich tatkr\u00e4ftig, in Abstimmung mit mir , und organisieren sich \u00fcber Facebook. Der Leiter meines Fanclubs Ralf Litzrodt hat auch eine richtig tolle Homepage auf die Beine gestellt, wo ihr noch weitere Informationen und Fotos, Downloads, ein\u00a0Forum und vieles mehr findet. An dieser Stelle noch mal ein ganz gro\u00dfen Dank an meine Fans. Link der Internetseite: <a title=\"Maras Fans\" href=\"http:\/\/www.maras-fans.de\" target=\"_blank\">Fanclub \u2013 Maras Fans<\/a><\/p>\n<p>&nbsp;<\/p>\n<p>Wenn Ihr pers\u00f6nlich mit mir Kontakt aufnehmen wollt, habt ihr die M\u00f6glichkeit mir an folgende Adresse zu schreiben:<\/p>\n<p>Mara Pustolla<\/p>\n<p>Postfach: 180141<\/p>\n<p>44361 Dortmund<\/p>\n<p>privat(at)maras-blog.de<\/p>\n","protected":false},"excerpt":{"rendered":"<p>Meine Vita&#8230; Die geb\u00fcrtige Dortmunderin Mara, zeigte schon von klein auf Interesse an der Musik und begann ihre musikalische Laufbahn in einem Kinderchor. Die erste B\u00fchnenerfahrung wurde im Alter von 9 Jahren, bei einem Gesangswettbewerb, auf Spiekeroog gesammelt, wo sie mit dem Lied &#8222;Like A Prayer&#8220; von Madonna teilnahm und den zweiten Platz belegte. Im [&hellip;]<\/p>\n","protected":false},"author":2,"featured_media":0,"parent":0,"menu_order":0,"comment_status":"open","ping_status":"open","template":"","meta":[],"_links":{"self":[{"href":"https:\/\/s\u00e4ngerinmara.de\/index.php?rest_route=\/wp\/v2\/pages\/2"}],"collection":[{"href":"https:\/\/s\u00e4ngerinmara.de\/index.php?rest_route=\/wp\/v2\/pages"}],"about":[{"href":"https:\/\/s\u00e4ngerinmara.de\/index.php?rest_route=\/wp\/v2\/types\/page"}],"author":[{"embeddable":true,"href":"https:\/\/s\u00e4ngerinmara.de\/index.php?rest_route=\/wp\/v2\/users\/2"}],"replies":[{"embeddable":true,"href":"https:\/\/s\u00e4ngerinmara.de\/index.php?rest_route=%2Fwp%2Fv2%2Fcomments&post=2"}],"version-history":[{"count":31,"href":"https:\/\/s\u00e4ngerinmara.de\/index.php?rest_route=\/wp\/v2\/pages\/2\/revisions"}],"predecessor-version":[{"id":5,"href":"https:\/\/s\u00e4ngerinmara.de\/index.php?rest_route=\/wp\/v2\/pages\/2\/revisions\/5"}],"wp:attachment":[{"href":"https:\/\/s\u00e4ngerinmara.de\/index.php?rest_route=%2Fwp%2Fv2%2Fmedia&parent=2"}],"curies":[{"name":"wp","href":"https:\/\/api.w.org\/{rel}","templated":true}]}}